isor of i and 8?
8
Suppose -2*w + 2 = -2. Let u be 3/9*3 + w. Calculate the greatest common divisor of 24 and u.
3
Suppose -34 = -5*o + 41. Suppose -o = m - 85. What is the highest common divisor of 10 and m?
10
Suppose -3*r - 2*h + 14 = 2, 4*r + 5*h = 23. Suppose 0 = -v - 4, 0 = 5*b - 2*v - v - 237. Suppose -5 = -5*o + b. What is the greatest common divisor of o and r?
2
Let y be (-7)/((-14)/(-12)) + 0. Let m = 43 + y. Suppose -m = -5*a + 3*x + 13, 3*a + 4*x = 1. What is the highest common factor of 49 and a?
7
Let y = -24 - -66. Calculate the greatest common divisor of y and 28.
14
Let q(b) = 20*b - 7. Let s be q(-5). Let c = s - -191. Let i(h) = h**2 + 7*h + 4. Let g be i(-8). Calculate the highest common factor of g and c.
12
Suppose -63 = 2*l + 147. Let p = 16 - l. What is the highest common factor of 11 and p?
11
Suppose -5*f + 3 + 2 = 0. Suppose 55 = -9*m + 4*m. Let j = 13 + m. What is the highest common divisor of f and j?
1
Let c = -3 + 3. Suppose c*z = 3*z - 105. What is the highest common factor of 14 and z?
7
Let y = 3 + 30. Let x = 16 - 5. What is the greatest common factor of y and x?
11
Let u(o) = -o**3 + 60. Let a be u(0). Calculate the highest common divisor of 15 and a.
15
Let r = -6 + 10. Suppose -40 = -2*v + 4*w, 89 + 13 = r*v + 3*w. What is the highest common factor of 60 and v?
12
Let r be 90/25 - (-2)/5. What is the highest common divisor of 6 and r?
2
Let j be ((-1292)/(-51))/((-2)/(-3)). Calculate the greatest common factor of 19 and j.
19
Suppose f - 5*f = 0. Suppose -h - p = 4*p - 44, -h + 3*p + 12 = f. Calculate the greatest common divisor of 6 and h.
6
Suppose 2*o + 4*z = -3*o + 19, -4 = -3*o + 5*z. Suppose -53 = -o*p + 4. Suppose -2*t = -5 - p. What is the highest common divisor of 132 and t?
12
Suppose -2*c + 24 - 6 = 0. Calculate the highest common divisor of c and 9.
9
Suppose 4*c + 2*c - 594 = 0. Suppose -5*t + 36 = -c. What is the highest common factor of 3 and t?
3
Suppose 6*j - 180 = 2*j. Calculate the greatest common factor of j and 9.
9
Suppose o - 10 = -4. Let d(m) = -m**2 + 10*m + 3. Let i be d(o). What is the greatest common factor of 27 and i?
27
Suppose 3*g + 25 = 8*g. What is the greatest common factor of 10 and g?
5
Let o(n) = 2*n - 1. Let y be o(-4). Let i(w) = -w**3 - 8*w**2 + 8*w + 7. Let d be i(y). What is the greatest common divisor of 80 and d?
16
Let l be ((-1)/2)/((-1)/20). Suppose 63 = 3*u - 0*u. Suppose -u = a - 111. Calculate the highest common factor of l and a.
10
Let g be ((-105)/42)/((-1)/26*1). Calculate the greatest common divisor of g and 26.
13
Suppose 5*l = 3*z + 38, -3*z = -2*l - 2*l + 31. What is the highest common divisor of l and 7?
7
Suppose 0 = -5*a - 3*f + 18, 0 = -4*a + 5*f - 1 + 8. Let s(o) = o**3 - 2*o**2 - 2*o + 1. Let m be s(a). Calculate the greatest common divisor of 2 and m.
2
Let y = -13 - -14. What is the greatest common divisor of 7 and y?
1
Let p be (4 + -5)*(-2 - 0). Suppose -k = -j + 102, -3*k - 108 = p*j - 3*j. Let m be ((-9)/2)/(3/(-6)). Calculate the greatest common divisor of m and j.
9
Suppose j + 2*j + 5 = -2*k, 0 = 5*k - 10. Let h be 1 - (5 + j)*-3. What is the highest common divisor of 21 and h?
7
Let n(r) = -r**2 + 2*r - 1. Let t be n(1). Let i be t - 93/(-3) - 2. Let l = i + -4. What is the greatest common factor of l and 10?
5
Let s(y) = 2*y**2 - 7*y - 1. Let r be s(5). Calculate the highest common factor of r and 98.
14
Let z = 26 - 15. Let l = 9 + -6. Suppose -5*f - l*m + 495 = 0, 4*m = -2*f - f + 297. What is the greatest common factor of f and z?
11
Let c(q) = -4*q - 4. Let v(y) = -9*y - 9. Let x(t) = -5*c(t) + 2*v(t). Let s be x(6). What is the greatest common factor of 28 and s?
14
Let h be 0 + 0 + (-1 - -6). Suppose -h*j + 0*j = -220. Calculate the greatest common divisor of 11 and j.
11
Suppose 5*i + 0*i - 45 = 0. Let u be (-3 - -2) + 0 - -26. Let b = u - 7. Calculate the greatest common divisor of i and b.
9
Suppose 20 = 3*a + 2*a. Let x = -23 + 11. Let b = 22 + x. Calculate the greatest common factor of a and b.
2
Let n = -15 - -52. Calculate the greatest common divisor of n and 74.
37
Suppose 2*n - 3 = -3*v, 15 = 4*n - 2*v + 1. Let s = 13 - -2. What is the greatest common factor of s and n?
3
Suppose 3*t - 4*t = -6. Let u be ((-4)/t)/((-4)/36). What is the highest common divisor of u and 6?
6
Let l be 14 + -1 + (-2)/(-2). Let k be (-84)/15*(-30)/4. Calculate the greatest common divisor of l and k.
14
Suppose 4*s - 10 = -3*k, 0 = -3*k - s + 6 + 1. What is the highest common factor of 6 and k?
2
Suppose -3*l + 37 = -5*u, 4*l - 73 + 20 = 3*u. Let g = 166 + -96. Calculate the highest common divisor of l and g.
14
Suppose 4*n = 10 + 18. Let c be -1 - (-2 + 80/(-4)). Calculate the greatest common factor of n and c.
7
Let f be 4/(-10) + (-46)/10. Let k = -3 - f. Suppose 10 = k*z, -3*z = v + z - 24. What is the greatest common factor of v and 36?
4
Suppose -5*o + 15 = -165. Let u = -11 - -17. Calculate the greatest common factor of o and u.
6
Suppose 4*z - 66 - 14 = 0. Suppose 0 = -2*l + 2*a + z, 3*l - 39 = -l + 5*a. Suppose -5*m + 5 = -50. What is the greatest common factor of l and m?
11
Let x be 5 + (-6)/3 + -1. Suppose 34 = 2*m + 2*s - 0*s, -5*s = -x*m + 20. Calculate the greatest common factor of 5 and m.
5
Suppose 4*a = -18 + 82. Let v = -14 - -16. Calculate the greatest common factor of a and v.
2
Suppose -4*r + 0*r + 16 = 0. Suppose 16 = 2*y - 0*y. What is the highest common divisor of y and r?
4
Let f be -2 + (-16)/(-10) + (-64)/(-10). Calculate the highest common divisor of f and 30.
6
Let j be 2 + 24 + -2 - 0. Let w be ((-1)/(-2))/(4/64). What is the highest common divisor of j and w?
8
Let m = -72 - -135. Let a = 42 + -21. What is the highest common factor of m and a?
21
Let i be (-22)/(-2) + -2 + -2. Let c = i - 2. Suppose 0 = -c*d + 10, -4*u - 3*d = -6 - 60. What is the highest common divisor of u and 5?
5
Let c(w) be the first derivative of 4*w**3/3 + w + 4. Let h be c(4). Let y be (-264)/(-10) - (-6)/(-15). What is the greatest common factor of h and y?
13
Suppose -4*b - 7 - 17 = 0. Let w = b + 20. Calculate the greatest common factor of 7 and w.
7
Let y = 134 + -130. Calculate the highest common factor of 20 and y.
4
Suppose 8*t = 159 + 9. Suppose -4*i + 573 = 3*g, -6*i + i + 720 = 3*g. What is the greatest common divisor of t and i?
21
Suppose 605 = 3*v + 2*v. What is the highest common divisor of v and 11?
11
Suppose 0*y = -3*y + 78. What is the greatest common factor of y and 13?
13
Suppose -13*h + 0*h = -91. Let l = -56 - -119. What is the greatest common divisor of l and h?
7
Let q(n) = -36*n. Let o be q(-2). Suppose 0 = -5*p - 0*p + 40. Let s be p + 1 + (0 - 1). Calculate the greatest common divisor of o and s.
8
Let v = -4 + 11. Let q = 16 - v. What is the greatest common divisor of 9 and q?
9
Suppose 2*h + 2*h + x - 9 = 0, -5*x + 7 = h. Suppose 5*q - h*q = -48. Let d = q + 65. Calculate the greatest common factor of 7 and d.
7
Let u(b) = -b**3 + 13*b**2 + 16*b - 6. Let h be u(14). Let v = 39 + -17. What is the highest common divisor of h and v?
22
Suppose 0 = 4*a + a - 95. What is the highest common divisor of a and 95?
19
Suppose -72 = -3*a + 9. What is the greatest common divisor of a and 9?
9
Suppose 2*d + 0 = 4. Let u = -3 + 5. Suppose -d*j + u = -j. What is the greatest common factor of 5 and j?
1
Suppose -13*a + 90 = -651. What is the greatest common divisor of a and 38?
19
Let n = -303 - -478. What is the greatest common divisor of n and 25?
25
Let l(r) = 3*r**2 - r + 21. Let o be l(-6). Suppose -2*g + 0*p + 5*p = -40, -2*g = 5*p - 20. Calculate the greatest common divisor of o and g.
15
Suppose 0 = 6*k - 4*k + 12. Let s be (28/8)/((-3)/k). Let c(f) = -12*f + 3. Let r be c(-5). What is the highest common factor of r and s?
7
Let z be ((-2)/(-6))/(2/6). Let b be (z/2)/((-2)/(-12)). Suppose 3*j + b = 36. Calculate the greatest common divisor of j and 22.
11
Let i(p) = 70*p**3. Let l be i(-1). Let f be (l/20)/(2/(-4)). Suppose -4*u - f = -187. Calculate the greatest common factor of u and 5.
5
Let j = 3 + 5. Let i = 6 - 5. Let n = 3 - i. What is the highest common divisor of n and j?
2
Let h(f) = 1. Let d(t) = t + 3. Let z(y) = -3*d(y) + 8*h(y). Suppose -r + 4*r + 9 = 0. Let o be z(r). Calculate the highest com